 -3 + (g - (-43 - 4))?
4
Let z(u) = -6*u - 3*u**2 + 4*u**2 + 3 + 1. Let f be z(4). What is the units digit of (f - 0)/(-1 - 1)?
2
Let s be 2 + -1 + (-6)/(-2). Suppose -5*z = 2*j - 119, 0*z + 137 = 5*z - s*j. What is the units digit of z?
5
Let p(x) = x + 11. Let j be p(-6). Suppose 3*q = -z + j*q + 25, 0 = -3*z - q + 47. What is the units digit of z?
7
Suppose -4*f = 5*o - 185, -3*f - o + 108 = -17. What is the units digit of f?
0
Let k(m) = m - 1. Let q(g) = -6*g - 1. Let v(b) = 4*k(b) + q(b). Let l(u) = -u**2 - 4*u + 8. Let o be l(-6). What is the units digit of v(o)?
3
Suppose -4*j = 33 - 129. What is the units digit of j?
4
Let l(y) = y**3 + 6*y**2 - 2*y + 1. Let z be l(-6). Let w = 14 + z. What is the tens digit of w?
2
Let f = 293 + -123. What is the tens digit of f?
7
Let f be 1/3*(13 + -1). Let j be f - (-1)/((-1)/(-1)). Suppose -j*o + 28 = -17. What is the units digit of o?
9
What is the units digit of 4/(104/238) - (-6)/(-39)?
9
What is the tens digit of (-1 - -3) + (-7 - -263)?
5
Let y(g) = 3*g**2 - g + 6. What is the units digit of y(0)?
6
Let v(m) be the first derivative of 2*m**2 - m + 4. What is the units digit of v(4)?
5
Let u(a) = a - 2. Let w be u(4). Let t be (9/(-6) + w)*2. Suppose 3*j - 7 + t = 0. What is the units digit of j?
2
Let u be (3*1)/((-6)/(-8)). Suppose d + 33 = u*d. What is the tens digit of d?
1
Let z(l) = 12*l**2 - 2*l - 1. What is the tens digit of z(2)?
4
Suppose 6*z + 13 = 955. What is the hundreds digit of z?
1
Let p(i) = i**2 + 2. Let g = 13 + -8. What is the units digit of p(g)?
7
Suppose 3*o + 0*o - 183 = -y, 3*y - 549 = -o. What is the hundreds digit of y?
1
Let h = -35 + 37. What is the units digit of h?
2
Let v be 10/15 - 26/(-6). Suppose -5*w + w + 20 = 2*z, v*w = -5*z + 35. Suppose 0 = -w*o + 3 + 3. What is the units digit of o?
2
Let i = -15 + 17. What is the units digit of i?
2
Suppose 4*o + 0 = -c - 9, 0 = -4*o + 5*c - 3. What is the units digit of (-21)/(-2)*(2 - o)?
2
Suppose 2*v = 2 + 2. Suppose -5*n = 8 + v. What is the units digit of n/9 - 29/(-9)?
3
Let i(r) = -r**2 - 13*r - 5. What is the units digit of i(-12)?
7
Let m(i) = -3*i**3 - 14*i**2 + 4*i - 3. What is the hundreds digit of m(-6)?
1
Suppose 0*y = 4*y + 40. Let g = 19 + y. What is the units digit of g?
9
Let t(n) = -7*n + 7. Let g(q) = 11*q - 11. Let b(h) = 5*g(h) + 8*t(h). Let z be b(0). What is the units digit of 8*((-9)/(-12))/z?
6
Let v(i) = 1 + 0 - 7*i - 1. Let z be v(-1). Suppose 5*t + 5*m = 7 + 18, 0 = -3*t + m + z. What is the units digit of t?
3
Let j be (6/10)/(2/70). Let s = 35 - j. What is the units digit of s?
4
Let r be (-12)/30 + 2/5. Suppose 0*m - m + 22 = r. What is the units digit of m?
2
Let p = 59 + -57. What is the units digit of p?
2
Suppose 0*s = s - 4. Suppose 4*f - 17 = 5*w, -3*f + s + 7 = -2*w. Suppose -3 = y - f*j, -5*j + 0*j = -20. What is the units digit of y?
9
Suppose c + c + 55 = 5*j, -2*j + 22 = -3*c. Let m = j + 5. What is the tens digit of m?
1
Suppose 0*o - 273 = -7*o. What is the units digit of o?
9
Let y(q) be the first derivative of -q**4/4 + 10*q**3/3 - q**2/2 + 14*q - 6. What is the units digit of y(10)?
4
What is the tens digit of ((-388)/2)/((-30)/15)?
9
Let f = -104 - -199. What is the tens digit of f?
9
Suppose -3*u + 18 = -0*u. Let t(n) = 3*n**2 + n - 1. Let l be t(1). Suppose 2*r + 3*a - u = -0*a, 0 = -l*r + 5*a + 9. What is the units digit of r?
3
Let k(c) be the third derivative of c**4/24 - c**3/2 - c**2. Let m be k(3). What is the units digit of (-2 - -6) + m + -2?
2
Let l = 5 - 2. Suppose 0*f + l*h = f - 10, -3*f - 5*h + 30 = 0. What is the units digit of f?
0
Suppose -j = 2*j - 3*m - 174, -194 = -3*j - m. Let w = -37 + j. What is the units digit of w?
6
Let g = -4 + 9. Suppose 32 = -g*x + 122. Suppose -3*d = -15, 2*s - x = -5*d + 17. What is the units digit of s?
5
Let a(b) = b**3 + 8*b**2 + 8*b + 8. Let t be a(-7). Let k be -1 - (0 - t) - -2. Let l = k - 0. What is the units digit of l?
2
Let v(a) = a**3 - 8*a**2 - 9*a + 13. Suppose 25 + 2 = 3*h. Let x be v(h). Let y = x - 7. What is the units digit of y?
6
Let x(v) be the third derivative of v**5/20 + v**4/24 - v**3/6 + v**2. What is the units digit of x(3)?
9
Suppose -4*o + 28 = -0. Suppose s - 10 = -0*s. Let f = s - o. What is the units digit of f?
3
Let n(d) = -d**2 - 7*d - 3. Let l = 1 - 0. Suppose l = -3*c - 11. What is the units digit of n(c)?
9
What is the tens digit of 5 + 4/(-4) + (113 - 1)?
1
Suppose 9*s + 51 = 10*s. What is the units digit of s?
1
Let p(c) = -c**3 + 19*c**2 - 19*c + 26. What is the units digit of p(18)?
8
Suppose 5*n = -0*n + 25. Let g be n/((-21)/9 + 2). What is the units digit of ((-4)/6)/(2/g)?
5
Let k(h) = -h**3 + 5*h**2 - 5*h + 1. Let u be k(4). Suppose -12 = 6*z + 6*z. Let q = z - u. What is the units digit of q?
2
Let x = -16 + 126. Let m = x - 75. What is the tens digit of m?
3
Let f(q) = -q**3 - q**2 + q - 2. Let w be f(-2). Let l = 21 + -24. What is the units digit of 14 - (w/l - 0)?
4
Let x = 36 - 120. Let i be (x/9)/(2/(-6)). Suppose i = -l + 5*l. What is the units digit of l?
7
What is the tens digit of (-71)/(-1) - ((-20)/4 - -4)?
7
What is the tens digit of 18/(-30) + (-11)/((-55)/888)?
7
Suppose -849 = 5*a - 8*a. What is the hundreds digit of a?
2
Let w be -5*((3 - 5) + 1). Let a = w + -1. What is the units digit of a?
4
Let o be (3/2)/(1/2). Suppose 0 = -a + o*x, -2*a = 2*a + 3*x. Let y = 1 + a. What is the units digit of y?
1
Suppose x + 12 = -3*f + 6*f, -4*f + 3*x + 16 = 0. Suppose 0 = -5*p + 3*j - 50, f*p + 6 = 2*p + 4*j. Let r = 19 + p. What is the units digit of r?
6
Let w(c) = -4*c - 1. Let i(b) = 11*b + 4. Let y(n) = -6*i(n) - 17*w(n). Let q be (2/(-3))/((-3)/45). What is the units digit of y(q)?
3
Suppose -5*l = 6*l - 1309. What is the hundreds digit of l?
1
What is the tens digit of (-3 - -2)*-18*1?
1
Suppose -4*b = -2*b - 5*m - 45, 0 = b - 2*m - 23. What is the tens digit of b?
2
Suppose -5*f + 3*c + 84 = 0, 0 = -5*f + 2*f + 2*c + 51. Let w = f - 4. What is the tens digit of w?
1
Suppose -4*b = -45 - 35. What is the tens digit of b?
2
Let r(n) = -15*n - 1. Let y be r(-1). Suppose -5*q = -3*q + y. Let h = q + 13. What is the units digit of h?
6
Suppose h - 6*h = -385. What is the tens digit of h?
7
Let y = 14 + -1. Let q = y + -6. Suppose q = v - 4. What is the units digit of v?
1
Let d(v) = -7*v - v + 1 + 2*v. What is the units digit of d(-1)?
7
What is the tens digit of 9/(54/248) - (-4)/6?
4
Let b be ((-25)/(-2) + 0)*-6. What is the units digit of (-2)/(-4) + b/(-10)?
8
Let q(i) = -i**2 + i + 2. Let c be q(0). Let r be (-268)/9 - c/9. Let u = 45 + r. What is the tens digit of u?
1
Let g be (-8 + 1)/(3/(-15)). Suppose -4*v - 28 = -4*q, 3*v - 2*q + g = -2*v. Let a(j) = -j**3 - 6*j**2 + 6*j - 5. What is the units digit of a(v)?
2
Let l = 11 - 19. What is the units digit of (-15)/(-5) + (-1 - l)?
0
Suppose 5*w + 14 + 12 = r, w = 1. What is the tens digit of r?
3
Let o(a) = a - 9. Let u(i) = 4*i - 36. Let m(w) = -9*o(w) + 2*u(w). What is the units digit of m(6)?
3
Let n be (-2 - -2)/2*1. Suppose -2*x + n + 16 = 0. What is the units digit of x?
8
Suppose 0 = 2*k - 8, -5*z + 543 = -4*k - 1. What is the hundreds digit of z?
1
Let q(z) be the third derivative of 7*z**6/60 + z**5/60 - 4*z**2. What is the tens digit of q(1)?
1
Let j = 4 - -83. What is the tens digit of j?
8
What is the units digit of 54*(2/6 + 1)?
2
Suppose -4*c + 11 + 1 = 0. Let t = c - 8. What is the tens digit of (-72)/t - (-6)/(-15)?
1
Let r be 1 - (-3 + 3 + -1). What is the units digit of r/6 + 5/3?
2
Let v(b) = -3*b - 5. Let m be v(-5). Let o = -8 + m. What is the units digit of o?
2
Suppose 0 = -i + 2*d - 4, -d = 2*d - 15. Suppose 11 + i = c. What is the units digit of c?
7
Let v be (9/12)/((-1)/(-4)). Let t be (1 - 2)/(v/6). What is the units digit of t/9 + (-58)/(-18)?
3
Suppose -2*u - 23 + 133 = 0. What is the units digit of u?
5
What is the hundreds digit of (-15)/(-5) - (-125 - 1)?
1
Suppose -11 = 4*a + 13. What is the tens digit of (-46)/(-4) - a/12?
1
Let k(i) = 3*i - 12. Let p(b) = 2*b - 6. Let a(f) = -4*k(f) + 7*p(f). What is the tens digit of a(11)?
2
Suppose -40*a = -39*a - 19. What is the units digit of a?
9
Let a(j) = -j**3 + 6*j**2 + 4*j + 1. Let b be a(6). Suppose -5*w - 3*d + 70 = 0, d +